me factors of 11286?
2, 3, 11, 19
What are the prime factors of 44739?
3, 1657
What are the prime factors of 16886?
2, 8443
What are the prime factors of 555?
3, 5, 37
What are the prime factors of 23268?
2, 3, 7, 277
List the prime factors of 43926.
2, 3, 7321
What are the prime factors of 1976?
2, 13, 19
List the prime factors of 2010.
2, 3, 5, 67
What are the prime factors of 3743?
19, 197
What are the prime factors of 13625?
5, 109
List the prime factors of 2917.
2917
List the prime factors of 6082.
2, 3041
What are the prime factors of 3040?
2, 5, 19
What are the prime factors of 25555?
5, 19, 269
List the prime factors of 55556.
2, 17, 19, 43
What are the prime factors of 1884?
2, 3, 157
What are the prime factors of 48346?
2, 23, 1051
What are the prime factors of 45?
3, 5
What are the prime factors of 90906?
2, 3, 109, 139
What are the prime factors of 22614?
2, 3, 3769
What are the prime factors of 3792?
2, 3, 79
What are the prime factors of 5470?
2, 5, 547
List the prime factors of 91058.
2, 11, 4139
What are the prime factors of 541?
541
List the prime factors of 2520.
2, 3, 5, 7
What are the prime factors of 1452?
2, 3, 11
What are the prime factors of 12625?
5, 101
What are the prime factors of 3446?
2, 1723
What are the prime factors of 17191?
17191
List the prime factors of 13785.
3, 5, 919
What are the prime factors of 1408?
2, 11
What are the prime factors of 11333?
7, 1619
What are the prime factors of 42233?
157, 269
List the prime factors of 18773.
18773
What are the prime factors of 4997?
19, 263
What are the prime factors of 6671?
7, 953
List the prime factors of 1832.
2, 229
What are the prime factors of 4695?
3, 5, 313
List the prime factors of 5668.
2, 13, 109
List the prime factors of 39799.
39799
What are the prime factors of 12126?
2, 3, 43, 47
What are the prime factors of 3095?
5, 619
List the prime factors of 870.
2, 3, 5, 29
List the prime factors of 110887.
7, 31, 73
List the prime factors of 336.
2, 3, 7
What are the prime factors of 493?
17, 29
What are the prime factors of 51642?
2, 3, 19, 151
List the prime factors of 727.
727
What are the prime factors of 55?
5, 11
What are the prime factors of 17875?
5, 11, 13
What are the prime factors of 2096?
2, 131
What are the prime factors of 1700?
2, 5, 17
List the prime factors of 100.
2, 5
What are the prime factors of 19503?
3, 11, 197
List the prime factors of 6753.
3, 2251
List the prime factors of 2452.
2, 613
What are the prime factors of 8163?
3, 907
What are the prime factors of 269?
269
What are the prime factors of 32891?
31, 1061
List the prime factors of 65947.
7, 9421
What are the prime factors of 2860?
2, 5, 11, 13
What are the prime factors of 13412?
2, 7, 479
List the prime factors of 800.
2, 5
List the prime factors of 11689.
11689
What are the prime factors of 11029?
41, 269
What are the prime factors of 125?
5
List the prime factors of 3925.
5, 157
List the prime factors of 126.
2, 3, 7
What are the prime factors of 3086?
2, 1543
What are the prime factors of 774?
2, 3, 43
List the prime factors of 1935.
3, 5, 43
What are the prime factors of 2053?
2053
What are the prime factors of 46692?
2, 3, 1297
List the prime factors of 8430.
2, 3, 5, 281
What are the prime factors of 2236?
2, 13, 43
What are the prime factors of 1338?
2, 3, 223
List the prime factors of 39484.
2, 9871
What are the prime factors of 20804?
2, 7, 743
List the prime factors of 35211.
3, 11, 97
What are the prime factors of 19464?
2, 3, 811
List the prime factors of 1159.
19, 61
List the prime factors of 1945.
5, 389
List the prime factors of 5886.
2, 3, 109
List the prime factors of 314.
2, 157
What are the prime factors of 63394?
2, 29, 1093
List the prime factors of 1893.
3, 631
List the prime factors of 275.
5, 11
List the prime factors of 17549.
7, 23, 109
What are the prime factors of 11272?
2, 1409
List the prime factors of 112275.
3, 5, 499
List the prime factors of 3735.
3, 5, 83
What are the prime factors of 4178?
2, 2089
What are the prime factors of 18119?
18119
List the prime factors of 77501.
19, 4079
List the prime factors of 3219.
3, 29, 37
What are the prime factors of 4336?
2, 271
List the prime factors of 64753.
13, 17, 293
What are the prime factors of 3286?
2, 31, 53
List the prime factors of 128814.
2, 3, 7, 3067
What are the prime factors of 7515?
3, 5, 167
What are the prime factors of 828?
2, 3, 23
List the prime factors of 11539.
11, 1049
List the prime factors of 15880.
2, 5, 397
List the prime factors of 987.
3, 7, 47
What are the prime factors of 9924?
2, 3, 827
What are the prime factors of 102536?
2, 7, 1831
List the prime factors of 1146.
2, 3, 191
What are the prime factors of 102620?
2, 5, 7, 733
List the prime factors of 4948.
2, 1237
What are the prime factors of 286?
2, 11, 13
What are the prime factors of 1357?
23, 59
What are the prime factors of 7042?
2, 7, 503
List the prime factors of 10254.
2, 3, 1709
List the prime factors of 1041.
3, 347
What are the prime factors of 46291?
7, 17, 389
What are the prime factors of 2009?
7, 41
What are the prime factors of 96443?
96443
What are the prime factors of 5134?
2, 17, 151
What are the prime factors of 6723?
3, 83
List the prime factors of 65376.
2, 3, 227
What are the prime factors of 10237?
29, 353
What are the prime factors of 403?
13, 31
What are the prime factors of 752?
2, 47
List the prime factors of 3116.
2, 19, 41
What are the prime factors of 6943?
53, 131
What are the prime factors of 30184?
2, 7, 11
List the prime factors of 3719.
3719
What are the prime factors of 48586?
2, 17, 1429
List the prime factors of 167593.
167593
List the prime factors of 4732.
2, 7, 13
List the prime factors of 5407.
5407
What are the prime factors of 6094?
2, 11, 277
What are the prime factors of 5894?
2, 7, 421
List the prime factors of 3281.
17, 193
What are the prime factors of 29464?
2, 29, 127
What are the prime factors of 7949?
7949
What are the prime factors of 9518?
2, 4759
List the prime factors of 36745.
5, 7349
List the prime factors of 56291.
181, 311
What are the prime factors of 44743?
101, 443
List the prime factors of 5869.
5869
List the prime factors of 20442.
2, 3, 3407
What are the prime factors of 98613?
3, 10957
What are the prime factors of 18803?
18803
List the prime factors of 918.
2, 3, 17
What are the prime factors of 713?
23, 31
What are the prime factors of 31299?
3, 10433
What are the prime factors of 104190?
2, 3, 5, 23, 151
List the prime factors of 38136.
2, 3, 7, 227
List the prime factors of 51155.
5, 13, 787
What are the prime factors of 44?
2, 11
What are the prime factors of 769?
769
What are the prime factors of 15944?
2, 1993
List the prime factors of 465.
3, 5, 31
What are the prime factors of 11117?
11117
List the prime factors of 2674.
2, 7, 191
What are the prime factors of 13256?
2, 1657
What are the prime factors of 11452?
2, 7, 409
What are the prime factors of 29605?
5, 31, 191
What are the prime factors of 3693?
3, 1231
List the prime factors of 7942.
2, 11, 19
List the prime factors of 432.
2, 3
List the prime factors of 61275.
3, 5, 19, 43
What are the prime factors of 1188?
2, 3, 11
List the prime factors of 2376.
2, 3, 11
What are the prime factors of 11019?
3, 3673
What are the prime factors of 92?
2, 23
What are the prime factors of 4306?
2, 2153
List the prime factors of 10444.
2, 7, 373
What are the prime factors of 17683?
17683
List the prime factors of 651.
3, 7, 31
What are the prime factors of 10283?
7, 13, 113
List the prime factors of 87125.
5, 17, 41
List the prime factors of 12958.
2, 11, 19, 31
What are the prime factors of 1016?
2, 127
List the prime factors of 3206.
2, 7, 229
What are the prime factors of 17070?
2, 3, 5, 569
What are the prime factors of 655?
5, 131
List the prime factors of 2213.
2213
What are the prime factors of 15907?
15907
List the prime factors of 673.
673
What are the prime factors of 7115?
5, 1423
What are the prime factors of 4281?
3, 1427
What are the prime factors of 4076?
2, 1019
What are the prime factors of 101267?
101267
List the prime factors of 1183.
7, 13
What are the prime factors of 129?
3, 43
List the prime factors of 3098.
2, 1549
What are the prime factors of 4895?
5, 11, 89
List the prime